 hundred thousands digit of 48495527?
4
What is the ten thousands digit of 1658785990?
8
What is the tens digit of 6593256390?
9
What is the tens digit of 24974100?
0
What is the ten millions digit of 83081822?
8
What is the tens digit of 29283827?
2
What is the ten millions digit of 1424165738?
2
What is the thousands digit of 7397543404?
3
What is the ten millions digit of 873476804?
7
What is the millions digit of 74144735?
4
What is the tens digit of 52642771?
7
What is the millions digit of 95936589?
5
What is the billions digit of 1979149729?
1
What is the ten thousands digit of 743251044?
5
What is the hundreds digit of 4786559882?
8
What is the thousands digit of 41282937?
2
What is the hundreds digit of 7196444?
4
What is the hundreds digit of 4542615712?
7
What is the millions digit of 230074421?
0
What is the hundred thousands digit of 2793645774?
6
What is the ten millions digit of 7078040532?
7
What is the hundreds digit of 851129299?
2
What is the tens digit of 538456777?
7
What is the ten thousands digit of 41276799?
7
What is the ten thousands digit of 296119694?
1
What is the millions digit of 29840656?
9
What is the tens digit of 287870991?
9
What is the hundreds digit of 1664443390?
3
What is the millions digit of 5536820334?
6
What is the millions digit of 99913090?
9
What is the units digit of 6314714727?
7
What is the ten thousands digit of 393455590?
5
What is the tens digit of 2801807723?
2
What is the hundred thousands digit of 33248159?
2
What is the thousands digit of 281027721?
7
What is the units digit of 3197106792?
2
What is the units digit of 56642316?
6
What is the hundred millions digit of 124949892?
1
What is the units digit of 2613529743?
3
What is the ten millions digit of 109035033?
0
What is the ten thousands digit of 1537964448?
6
What is the hundred thousands digit of 83971964?
9
What is the hundred millions digit of 930508891?
9
What is the hundred thousands digit of 39066123?
0
What is the thousands digit of 55796411?
6
What is the units digit of 2458115?
5
What is the thousands digit of 511555547?
5
What is the ten thousands digit of 290948030?
4
What is the millions digit of 57778361?
7
What is the thousands digit of 574873339?
3
What is the thousands digit of 16352831?
2
What is the billions digit of 3201545294?
3
What is the units digit of 1359891430?
0
What is the tens digit of 64667886?
8
What is the millions digit of 50335560?
0
What is the units digit of 72147915?
5
What is the ten thousands digit of 109258267?
5
What is the tens digit of 62530361?
6
What is the units digit of 28721479?
9
What is the ten millions digit of 249975597?
4
What is the ten thousands digit of 2206018364?
1
What is the ten thousands digit of 51439892?
3
What is the thousands digit of 386043853?
3
What is the hundreds digit of 1171948414?
4
What is the hundreds digit of 168314717?
7
What is the thousands digit of 14145172?
5
What is the hundred millions digit of 142029989?
1
What is the hundred thousands digit of 1117961108?
9
What is the thousands digit of 68675974?
5
What is the hundred thousands digit of 1720474198?
4
What is the ten millions digit of 5905968052?
0
What is the thousands digit of 32597158?
7
What is the hundreds digit of 304778577?
5
What is the ten millions digit of 7697875295?
9
What is the tens digit of 2605289956?
5
What is the thousands digit of 690351644?
1
What is the tens digit of 132202528?
2
What is the hundreds digit of 560183134?
1
What is the ten millions digit of 39870239?
3
What is the hundred thousands digit of 46002648?
0
What is the hundreds digit of 80133586?
5
What is the hundred millions digit of 1113322553?
1
What is the hundreds digit of 85101081?
0
What is the units digit of 338438971?
1
What is the hundreds digit of 67370575?
5
What is the units digit of 65922001?
1
What is the hundred thousands digit of 451532324?
5
What is the hundred thousands digit of 234663531?
6
What is the units digit of 1762160196?
6
What is the millions digit of 891322592?
1
What is the millions digit of 1402584119?
2
What is the tens digit of 285673509?
0
What is the thousands digit of 1596432336?
2
What is the hundred millions digit of 4806417683?
8
What is the tens digit of 280643627?
2
What is the hundreds digit of 5460302812?
8
What is the hundred thousands digit of 19704150?
7
What is the hundred thousands digit of 17346049?
3
What is the units digit of 2724730876?
6
What is the tens digit of 108058391?
9
What is the units digit of 71677294?
4
What is the units digit of 3460650363?
3
What is the hundred millions digit of 132391066?
1
What is the ten millions digit of 2370135473?
7
What is the units digit of 4230700966?
6
What is the tens digit of 381188647?
4
What is the ten thousands digit of 12077076?
7
What is the ten millions digit of 203767404?
0
What is the thousands digit of 118705274?
5
What is the ten millions digit of 904947335?
0
What is the thousands digit of 188036539?
6
What is the millions digit of 60281924?
0
What is the ten millions digit of 142798309?
4
What is the units digit of 226232794?
4
What is the hundred thousands digit of 37880256?
8
What is the thousands digit of 3345088675?
8
What is the units digit of 64692461?
1
What is the hundreds digit of 270296609?
6
What is the units digit of 955747202?
2
What is the tens digit of 261686831?
3
What is the hundred thousands digit of 1045081537?
0
What is the thousands digit of 12630204?
0
What is the ten millions digit of 120952367?
2
What is the hundred thousands digit of 885859060?
8
What is the ten thousands digit of 1798063628?
6
What is the hundreds digit of 462964029?
0
What is the ten millions digit of 43777920?
4
What is the ten thousands digit of 409060251?
6
What is the tens digit of 4411884056?
5
What is the ten thousands digit of 24221034?
2
What is the millions digit of 143142310?
3
What is the tens digit of 458494027?
2
What is the millions digit of 1663336963?
3
What is the ten thousands digit of 621084596?
8
What is the ten millions digit of 519094058?
1
What is the ten millions digit of 1986615617?
8
What is the units digit of 856759594?
4
What is the ten thousands digit of 7280872195?
7
What is the ten millions digit of 15628688?
1
What is the ten thousands digit of 81189200?
8
What is the hundreds digit of 59151141?
1
What is the hundred millions digit of 298243103?
2
What is the ten thousands digit of 155254711?
5
What is the millions digit of 584792409?
4
What is the thousands digit of 577138118?
8
What is the thousands digit of 75324829?
4
What is the ten millions digit of 11851241?
1
What is the units digit of 2325637?
7
What is the units digit of 34146715?
5
What is the hundred millions digit of 558355623?
5
What is the hundreds digit of 45744017?
0
What is the millions digit of 28071019?
8
What is the hundred millions digit of 1211489528?
2
What is the thousands digit of 353110418?
0
What is the millions digit of 56801894?
6
What is the ten millions digit of 62224993?
6
What is the thousands digit of 542907133?
7
What is the tens digit of 179678979?
7
What is the ten millions digit of 84229385?
8
What is the ten millions digit of 31526643?
3
What is the hundreds digit of 35876555?
5
What is the hundreds digit of 146095949?
9
What is the hundreds digit of 1258920558?
5
What is the millions digit of 31823713?
1
What is the hundred thousands digit of 101314828?
3
What is the hundred millions digit of 107277490?
1
What is the hundred thousands digit of 234255770?
2
What is the millions digit of 672257043?
2
What is the units digit of 154331025?
5
What is the hundred thousands digit of 8608664?
6
What is the thousands digit of 181034518?
4
What is the millions digit of 91865688?
1
What is the hundred thousands digit of 1307046986?
0
What is the millions digit of 366544155?
6
What is the millions digit of 3382473175?
2
What is the units digit of 2467769978?
8
What is the hundred thousands digit of 374384935?
3
What is the hundreds digit of 374413537?
5
What is the hundred millions digit of 488244480?
4
What is the tens digit of 4085029?
2
What is the millions digit of 2269344841?
9
What is the billions digit of 1137064028?
1
What is the tens digit of 118039045?
4
What is the billions digit of 1548635477